m = 21 - 21. Suppose 0*d + 33*d - 924 = m. Let n = -347 + 487. Calculate the highest common divisor of d and n.
28
Let w(o) = -o**3 + 15*o**2 + 22*o + 1. Let g be w(16). Suppose -3*k - 373 = -5*y, 5*k = -3*y + 2*y + g. What is the highest common factor of 99 and y?
11
Let s be 8/(12/(-8) + 1). Let l be 8/(-18)*(-5 + (-8)/s). Suppose -10 = l*n, -498 = -5*z - 3*n + 657. Calculate the greatest common divisor of z and 18.
18
Let t = 4562 - 3962. What is the greatest common factor of t and 525?
75
Suppose y - 6*d + 241 = -9*d, 1167 = -5*y + 4*d. Let c = 472 + y. What is the highest common factor of c and 158?
79
Let i(v) = v - 45. Let j be i(-14). Let l = 60 + j. Suppose -2*r + 35 = -l. Calculate the highest common factor of 4 and r.
2
Let t = -15764 - -15872. What is the highest common factor of t and 13068?
108
Suppose -3*o + 342 = m, -4*m + 3*o + 694 + 704 = 0. Calculate the greatest common divisor of m and 87.
87
Let z be (1780/(-80) + 21)*-20*(-3 - -5). Let w be 1*(-3)/(3/(-40)). Calculate the highest common divisor of w and z.
10
Let o(f) = f**3 - 129*f**2 + 743*f + 18. Let r be o(124). What is the highest common factor of r and 30?
30
Let y = -70935 + 70959. Let r(t) = t**3 - 4*t**2 + t + 4. Let g = -6 - -10. Let m be r(g). What is the highest common divisor of y and m?
8
Let m(x) = -x**3 + 69*x**2 - 34*x - 1992. Let o be m(68). What is the highest common divisor of o and 50240?
320
Let y be ((-340)/3)/(-2 + 1 + 21/27). Calculate the greatest common factor of y and 120.
30
Let j(x) = -1690*x + 8110. Let a be j(4). What is the highest common divisor of a and 108?
54
Let q be (-7)/(-4)*504/18 - 2. Suppose -3*a - s = a - q, -3*s - 3 = 0. Let i(t) = t**2 + 2*t - 3. Let w be i(3). Calculate the highest common factor of a and w.
12
Suppose -17992*n - 25164 = -18001*n. Calculate the greatest common factor of n and 372.
12
Let w = 821 + -431. What is the greatest common factor of 105 and w?
15
Suppose 0 = 15*j - 14716 - 30419. Calculate the highest common divisor of j and 1593.
177
Let r(q) = 14*q - 20. Let s be r(7). Let u(b) = 303*b + 26. Let l be u(0). Calculate the greatest common factor of s and l.
26
Let g(p) = -19*p**2 + 718*p - 30. Let o be g(31). What is the highest common factor of 49 and o?
49
Let i(b) = 53*b - 542. Let n be i(15). Calculate the highest common divisor of 308 and n.
11
Let v be (12036/(-1180))/((-3)/35). What is the greatest common divisor of v and 581?
7
Let c = -9008 + 9099. Calculate the highest common divisor of 532 and c.
7
Let b(i) = i. Let o be b(-3). Let r be 2 - (0 - o) - (-9 + 3). What is the greatest common divisor of r and 55?
5
Let m(s) = -5*s - 92. Let h be m(-20). Let x(o) = 3*o**2 + 29*o + 18. Let z be x(h). Calculate the highest common factor of z and 34.
34
Let s(v) = v**2 - 6*v + 1. Let n be s(7). Let f(a) = 2*a**2 + 3*a - 27. Let r be f(n). What is the highest common factor of r and 50?
25
Let z be (0 - (-2 + -2) - (-77)/(-28))*316. Calculate the greatest common divisor of 25 and z.
5
Let p(m) = 4*m**2 + 104*m + 151. Let t be p(-35). What is the highest common divisor of t and 83?
83
Let d(k) = -4*k**3 - k**2 + 4. Let p be d(-3). Let t = 2345 - 2337. Suppose t*h - 377 = p. Calculate the greatest common factor of h and 15.
15
Let b be (45 - 38) + (-25)/5. What is the highest common factor of b and 31?
1
Let r(u) be the first derivative of 5*u**3/3 + 5*u**2 + 18*u - 1. Let o = 3218 + -3221. Let d be r(o). What is the greatest common factor of 11 and d?
11
Suppose 6*x = 86 + 94. Suppose -3*i + 2*i = -x. Let w be 154/30 + (-4)/i. What is the greatest common divisor of w and 55?
5
Let f(l) = 2*l**2 + 122*l + 365. Let t be f(-74). What is the highest common factor of t and 210?
21
Let g(c) = -21*c + 552. Let s be g(26). Let l be (3 + -6 - -5) + 5. Let m = -5 + l. What is the greatest common divisor of m and s?
2
Suppose 0 = 105*c - 142655 - 5500. What is the greatest common factor of c and 913?
83
Let i = 84 + -81. Suppose -2*u + 5*u - 30 = -4*n, i*u - 3*n = 30. Suppose -12*b = -u*b - 10. Calculate the highest common factor of 55 and b.
5
Suppose -372*w + 185*w = -193*w + 41772. What is the highest common divisor of w and 354?
118
Let g be (-74404)/(-52) + (-224)/(-1456). What is the greatest common factor of g and 265?
53
Let r(h) = h**3 + 20*h**2 - 24*h - 60. Let x be r(-21). Suppose -o + x*s + 96 = 0, 3*s = s + 6. Calculate the greatest common factor of o and 90.
15
Let z(o) = -904*o - 4. Let s be z(5). Suppose 0 = t - 4*f + 26, f - 79 = 5*t + 13. Let y be s/t + 2 - 1/3. Calculate the highest common factor of 23 and y.
23
Suppose -2*z + 36*z + 411 - 1635 = 0. What is the greatest common factor of z and 118?
2
Let x = 26626 + -12387. Calculate the greatest common factor of x and 29.
29
Let h(z) = -20 + 396*z - 388*z + 61. Let i be h(8). What is the highest common factor of 21 and i?
21
Let y be -12*(20/(-8) - -3). Let l be y*-5*(-2 + 7). What is the greatest common divisor of l and 6?
6
Let g = 229 - 135. Let v be (5/(-10))/((-1)/g). Let w = -3998 - -4233. What is the highest common factor of w and v?
47
Let l be 12*5*4/1. Let x(n) = -13*n**3 - 2*n**2 - 10*n - 20. Let b be x(-2). Calculate the greatest common divisor of b and l.
48
Suppose -44*c + 3770 + 542 = 0. Let g = -63 + c. Let y(u) = -3*u**3 - 2*u**2 + u. Let d be y(-2). What is the greatest common factor of d and g?
7
Let b be 5/(30*(-15)/(-540)). What is the highest common factor of 3414 and b?
6
Let a = -1 - -45. Suppose 0*t = 4*t - a. Suppose -p + 30 + 25 = 0. Calculate the greatest common divisor of p and t.
11
Let u = -7 + -8. Suppose 628*s = 656*s + 560. Let p = u - s. Calculate the greatest common factor of p and 10.
5
Let a = -40 + 63. Let f(y) = 2*y - 29. Let r be f(a). What is the highest common factor of r and 153?
17
Let v be (-1)/((((-7)/8323)/1)/1). Calculate the highest common divisor of 246 and v.
41
Let k = 2997 - -9157. What is the greatest common divisor of 236 and k?
118
Let q be (6/15)/((89/(-6230))/(-1*1)). What is the highest common divisor of 3640 and q?
28
Suppose s + 138 = 5*s - 2*u, u + 37 = s. Let f be (-52)/7 + (-8)/14. Let x be (f/(-10))/((-2)/(-10)). Calculate the highest common divisor of s and x.
4
Let f(z) = -294*z - 1566. Let s be f(-6). Calculate the highest common factor of 402 and s.
6
Suppose -m = -64 - 24. Let y(x) = -x**3 + x**2 + 25*x + 16. Let p be y(0). What is the highest common divisor of m and p?
8
Suppose -2*r + 4*r - 264 = 0. Suppose 42*o - 55*o = -195. Suppose 134*s - 91 = 130*s + b, -3*b + o = 0. Calculate the greatest common factor of r and s.
12
Suppose -12*h = -17*h + 20. Let m be 3 - (h + -6)/(-2). Suppose m*b = 7*b - 60. What is the highest common divisor of 6 and b?
6
Let l be (-132)/(-9)*(-63)/(-28). Suppose 0 = 5*i - 2*g - l, g = -8*i + 3*i + 36. What is the greatest common divisor of 763 and i?
7
Let d = 62 + -23. Let h(f) = -f**2 - 20*f - 5. Let t be h(-22). Let p = t - -127. What is the greatest common divisor of p and d?
39
Suppose -11*h + 2*h = -16677. Suppose 17*y - 1054 = h. Calculate the highest common divisor of y and 9.
9
Let p be 4/8 + (-3144)/(-48). What is the greatest common divisor of p and 402?
6
Let r(q) = 12*q**2 - q**3 + 5*q**2 - 2*q - 7*q**2 - 2*q + 6. Let u be r(9). Suppose -u*g = -48*g - 36. What is the highest common factor of g and 18?
6
Let f be 39/(-33) - -1 - (-12334)/77. Let m = -72 + f. Calculate the greatest common factor of m and 66.
22
Let c = 24559 - 22300. Calculate the greatest common divisor of c and 9.
9
Suppose -4*u + 23 = -3*b, -3*u + 10*b + 11 = 9*b. Suppose -m = y - 161, 3*m + u*m + 2*y - 802 = 0. Calculate the highest common divisor of m and 40.
40
Let q(t) = -3*t**2 + 22*t + 98. Let k be q(13). Let c = k + 124. Calculate the greatest common factor of 73 and c.
1
Let o = -3481 - -3500. Calculate the highest common divisor of 1216 and o.
19
Suppose 2*q + x - 291 = -83, 16 = -4*x. Calculate the highest common divisor of 53 and q.
53
Let g = -12398 - -21561. What is the greatest common divisor of 33 and g?
11
Suppose 0 = 7*y - 39 - 10. Suppose 0 = -9*p + y*p. Suppose p = 3*j - 209 + 53. What is the highest common divisor of j and 13?
13
Suppose 3*a - 3 - 3 = 0. Let h = 31 + -29. Suppose -h*g = 3*x + 2*x - 32, 3*g = -2*x + 26. What is the greatest c